4. Let m(b) = 16*g(b) - 9*s(b). Calculate m(6).
-84
Let d be 10 + (0 - 4) + (-168)/(-24). Let z(i) = -i**2 + 26*i - 166. Calculate z(d).
3
Let s(k) = k**2 - 13*k + 12. Suppose 0 = -5*t - 4*p + 17, 5*t - p + 9 = 11. Suppose -5*d + 40 = 3*g - t, 56 = 5*g - 4*d. Determine s(g).
0
Let s(c) = c**3 + 16*c**2 + 2*c + 40. Let v be 156/(-10) - 22/55. Let x be s(v). Let u(o) = o**2 - 10*o - 7. Give u(x).
-23
Let q(u) be the second derivative of -u**4/12 - u**3/3 + 3*u**2/2 + 2*u - 304. Calculate q(0).
3
Suppose 0*d - 24 = -3*x + 4*d, d = -x + 15. Let c be (-2*(2 + -1))/((-4)/(-8)). Let j = x + c. Let g(i) = i - 1. What is g(j)?
7
Let c(o) = o**3 + 5*o**2 + 5*o + 3. Let z = -43 - -14. Let y = 45 + z. Suppose 2*a - 2*k + y = 0, -a + 2*k = 3*k. Give c(a).
-1
Suppose 19 + 4 = z. Suppose 2*u = 8, -z = s - 3*u - 2*u. Let l(x) be the second derivative of -x**5/20 - x**4/6 + 2*x**3/3 + x**2 + 11*x + 3. Give l(s).
-1
Let w(v) be the first derivative of -1/2*v**2 + 10*v + 1/20*v**5 + 5 - 1/2*v**4 + 1/6*v**3. Let z(r) be the first derivative of w(r). What is z(6)?
5
Let p(x) be the third derivative of -1/120*x**6 + 0*x**4 + 0 - 1/6*x**3 - 1/20*x**5 + 13*x**2 + 0*x. Let y be (-2 + 1)*6/2. Calculate p(y).
-1
Let u = 209 - 209. Suppose 11*a - 83 + 6 = u. Let f(m) = m**2 - 6*m - 5. Determine f(a).
2
Let y = 620 + -614. Let d(s) = s. Let b(i) = -2. Let l(n) = y*d(n) - 2*b(n). Determine l(-7).
-38
Suppose -q + 9*x - 4*x + 5 = 0, -5*q + 2*x + 25 = 0. Suppose q = -2*r + 7*r. Let f(n) = 5*n + 148*n**2 - 150*n**2 - 5*n + r. Determine f(1).
-1
Suppose -181*y + 79*y = -93*y + 45. Let a(h) = h**2 + 10*h + 21. Calculate a(y).
-4
Let d(a) = 6*a**2 + 1 + 2*a - 3 + a**3 + 4. Let i(s) = 3 + 1 - 3*s + 2*s - 14. Let o be i(-4). Calculate d(o).
-10
Let x be ((-3)/(-4))/((-36)/32) - (-240)/9. Let i(k) = 3*k - 95. Calculate i(x).
-17
Let q(s) = 2*s**3 - 8*s**2 - 7*s + 23. Let f be 3/6*(17 - 4 - 0 - 3). What is q(f)?
38
Let p(m) = -m**3 - 8*m**2 - 6*m - 10. Let d(j) = j**3 + 8*j**2 + 5*j + 10. Let a = 20 - 16. Let h be (-2)/(a/3 - 2). Let x(z) = h*p(z) + 2*d(z). Give x(-7).
-3
Let h(n) = -n**2 + 5*n - 4. Let p = 4 - -1. Let v be -12 + 27 + -9 + -6. Suppose v*y - p = -y. Give h(y).
-4
Let l(z) = -235*z**2 + 471*z**2 - 10 - 235*z**2. Suppose 0 = -5*p + 32 - 7. Suppose c + 4*q = 16, -8 = 4*c - 7*q + p*q. What is l(c)?
-10
Let i(x) = -3*x - 16. Let v(w) = 15 + 33 - 72 - 5*w. Let a(y) = -8*i(y) + 5*v(y). Give a(7).
1
Let p(t) = -7*t - 81. Let q be p(-13). Let d(o) = o + o - 12*o - 11 - o + q*o. Give d(-7).
-4
Let i(z) = -3*z**3 + 2*z**2 + 3*z + 2. Suppose -175 = -26*h + 19*h. Suppose -26 = w + w - 4*o, 5*o - h = 0. Let r be 0 + (w - -2) - 1. Give i(r).
28
Suppose -5*o + 30*y = 35*y - 60, 0 = 3*y. Let u(k) = -k + 4*k - o*k - k**2 + 1. Determine u(-9).
1
Suppose -6*f + 643 + 245 = 0. Suppose -4*v + f = 112. Let c(o) = -o**2 + 9*o - 5. Determine c(v).
-5
Suppose 0 = -2*h - 5*g + 15, -h - h + 3*g = -39. Let o be (-8)/10 - (-102)/h. Let p(d) = -2*d - 89 + 89. Calculate p(o).
-12
Let g = -7954 + 7947. Let c(h) = -h**3 - 8*h**2 + 15*h + 149. Calculate c(g).
-5
Suppose 47*z = -49*z - 1920. Let q(b) = -b**2 - 20*b + 9. Calculate q(z).
9
Let i(f) = 30*f - 46. Let j(n) = 6*n - 9. Let v(a) = 2*i(a) - 11*j(a). Suppose 357 = -115*m + 166*m. Determine v(m).
-35
Suppose 0 = 3*x - 8 - 1. Let s = -136 + 139. Suppose -x*c + s*p + 9 = -0, 2*c = -p - 3. Let h(l) = -l**2 + l + 11. Give h(c).
11
Let g(y) = -2*y**3 + 5*y**2 - 6*y + 3. Let h(r) be the second derivative of -r**5/20 - r**3/3 + r**2/2 - 103*r. Let b(i) = g(i) - 3*h(i). What is b(-5)?
0
Let k(d) = -5*d + 13. Suppose -3 = 3*i, -10*s + 9*s = 2*i - 2. Let v(q) = -2*q + 1. Let n(m) = s*v(m) - 2*k(m). Calculate n(9).
-4
Let h(n) = 2*n - 253 - 197 + 447 + 4*n - 5*n. Let f = -4 - -1. Give h(f).
-6
Let r(c) = c**3 + 14*c**2 + 12*c - 53. Let z = 17697 + -17710. Give r(z).
-40
Suppose 3*q + 6 = 0, 0 = 5*l - 324*q + 328*q - 32. Let i(b) = -b**3 + 9*b**2 + 4*b - 6. Determine i(l).
90
Let g be 5 - ((-14)/2 + (-450)/(-75)). Let n(o) = o**3 - 8*o**2 - 3*o - 4. Determine n(g).
-94
Let n(j) be the third derivative of 0*j**3 + 1/10*j**5 + 0*j + 2*j**2 + 0 + 0*j**4. Suppose 42*y = 79*y + 93*y - 130. Determine n(y).
6
Let t(j) = j**2 + 4*j - 2. Let n = 24 + -20. Suppose -4*d = -3*d - n. Suppose -2*f - 10 = -4*g, 4*f + 25 = -f - d*g. What is t(f)?
3
Let h be 4/(-6)*33/(-2). Let k(f) = -2*f**3 + f**2 - 4*f - 1. Let c(b) = 11*b**3 + 5*b**2 + 24*b + 1. Let n(s) = c(s) + 6*k(s). Give n(h).
-5
Let o(g) = 54*g + 30. Let t be o(14). Let y = t - 791. Let x(m) = -m**2 - 4*m + 2. Give x(y).
-3
Let y(h) = h**3 + 7*h**2 + 4*h - 3. Suppose 20*z - 25*z = -30. Suppose 85 = z*x - 53. Suppose 3*u - 5 + x = 0. Give y(u).
9
Let n(b) be the second derivative of b**5/20 + 19*b**4/12 - 8*b**3/3 + 34*b**2 - 17*b - 2. Let v be n(-20). Let c(y) = -y - 17. What is c(v)?
-5
Let x(n) = n**3 + 4*n**2 - 6*n - 7. Let f(z) = 5*z. Let r be f(-1). Let t be x(r). Let k(g) = -g - 3 - 18 + 10 + 9. What is k(t)?
0
Suppose 0 = 4*w - 6*w + 14. Let i(b) be the third derivative of 0*b + 40*b**2 - 1 + b**3 - 1/12*b**4. Calculate i(w).
-8
Let u(i) = -i**3 + 2*i + 29. Let y be u(0). Let z = 29 - y. Let k(v) = v**3 + v**2 + v + 1. Calculate k(z).
1
Let l(k) = -3*k**2 + 27*k - 12. Let o = -10940 - -10948. Calculate l(o).
12
Let o(g) = -7*g - 1. Let u(l) = l**3 - 12*l**2 + 6*l - 11. Let r be u(12). Let w = -59 + r. Suppose 3*c + 13 = -5*a, 0*a - w*a - 5*c - 9 = 0. Calculate o(a).
13
Let x(r) = 7*r - 74. Suppose 2*g + 3*q + 3 = 0, -g + 2*q + 1 = -22. Calculate x(g).
-11
Let c(t) = -7*t - 5. Let i(h) = 29*h + 21. Let y(p) = 9*c(p) + 2*i(p). Suppose -64 = -8*v - 0. Suppose 2*a - x - 12 = 3*x, 0 = 2*a + x + v. Determine y(a).
7
Let d(o) be the second derivative of 3*o**5/20 + o**4/4 + o**3/2 + o**2/2 - o - 294. Let a be (18/(-8))/((-3)/(-16)). Let l be 4/6 - (-32)/a. Give d(l).
-17
Let b be (-6)/(-63) - (-82)/21. Let z(v) = 0*v**2 + 7*v + 5 + v**2 + 2*v**2 - b*v**2. Let g = 9 + -3. Calculate z(g).
11
Let a be 18060/340 - (-2)/(-17). Let o(z) = 0*z**2 - 61*z - 2*z**2 - 12 - a*z + 127*z. What is o(8)?
-36
Let g(h) be the second derivative of -1/2*h**4 - 1/20*h**5 + 9 - 3*h**2 - 1/3*h**3 + h. Determine g(-6).
6
Let u(w) = -18 - 8 + 4*w**2 + 27 + w**3 - w. Let o be -14 - (-1 + (3 - 3)). Let l = o + 9. Give u(l).
5
Let s(j) be the first derivative of -3*j**2/2 + 7*j + 6212. Let x = 7 - 2. Calculate s(x).
-8
Let x(m) = m**2 + 4*m + 32. Let z(r) = 2*r + 6. Let o(s) = x(s) - 5*z(s). Determine o(0).
2
Let f(k) = 2*k**2 - 30*k + 3. Let s be (-420)/(46 + -18)*(1 - 2). What is f(s)?
3
Let n(f) = 700 + 2*f - 612 - 9*f + 3*f. Give n(21).
4
Let w(p) = 12*p - 1. Let c(o) = 11*o - 1. Let k(s) = -5*c(s) + 4*w(s). Suppose 2*j = 2, -4 = -3*q + j - 5. Calculate k(q).
1
Suppose 4651*y = 4689*y + 266. Let k(s) = -1. Let u(c) = c. Let t(q) = -k(q) - u(q). What is t(y)?
8
Suppose -5*z + 3*z = -z - 14. Let m(j) = -j**3 + 14*j**2 - j + 12. What is m(z)?
-2
Let v(m) = 89*m + 9 + 35 + 118 - 20*m + 2*m**2. What is v(-32)?
2
Let k = -111 + 114. Suppose -k*h + 38 = 5*g + 13, -3*g - h + 11 = 0. Let t(a) = 4*a**3 - 3*a**2 + 2*a + 1. Give t(g).
25
Let k(p) = 2*p - 151*p**2 + 115*p**2 + 35*p**2 + 45. Give k(9).
-18
Let v(f) = 2*f**2 - 72*f - 4. Let n(x) = x**2 - 35*x - 5. Let d(z) = -13*n(z) + 6*v(z). What is d(-2)?
-9
Let i(v) = 2*v + 2. Let c(g) = -17*g + 3. Let a be c(-6). Suppose j - a = -4*j. Suppose -2*z - j = -3*z + 5*o, 0 = 5*z + 2*o + 30. Determine i(z).
-6
Let c = 4496 + -4492. Let t(u) be the third derivative of -19*u**2 - 5/24*u**c + 0 + 0*u - 1/60*u**5 + 2/3*u**3. Determine t(-5).
4
Let t be 1/(-9) - 25/(-225). Suppose t = -q + 2*r - 11, -4*r + 7*r = -3*q + 3. Let j(w) = w**2 - w - 1. What is j(q)?
11
Let b(f) = f**3 + 18*f**2 - 18*f + 17. Let w be b(-19). Let v(l) = 4*l - 8. Let n(y) = -3*y + 7. Let j(x) = w*v(x) - 3*n(x). Determine j(-6).
-11
Let z(v) = -5*v - 10. Let d be z(-3). Let f(m) = 6*m - 15. Let y be f(d). Let s(a) = 29 - 15 - y + a. What is s(-6)?
-7
Let g(j) be the second derivative of -j**4/12 - 5*j**3/6 - 10*j**2 + 40*j. Let p(d) be the first derivative of g(d). Calculate p(-4).
3
Suppose 49 = -5*i + 2*n + 31, 4*i + n = -30. Let t(j) = -j**3 - 4*j**2 + 7*j - 2. What is t(i)?
28
Let r(o) = -4*o**3 - 2*o**2 + 4. Let g(v) = 5*v**3 